ase 15?
18a
2 (base 10) to base 11
2
-1b9 (base 13) to base 3
-102220
-2 (base 16) to base 2
-10
134 (base 15) to base 14
158
4 (base 13) to base 3
11
What is 21 (base 3) in base 13?
7
Convert -5 (base 16) to base 4.
-11
1 (base 14) to base 15
1
21 (base 9) to base 13
16
What is 4 (base 13) in base 12?
4
Convert -140 (base 6) to base 13.
-48
What is 18 (base 16) in base 15?
19
Convert 2211 (base 3) to base 9.
84
Convert 32 (base 8) to base 13.
20
2011 (base 3) to base 8
72
Convert -3 (base 11) to base 4.
-3
What is 5 (base 9) in base 3?
12
Convert -7 (base 11) to base 3.
-21
Convert 2010 (base 3) to base 14.
41
What is -1 (base 14) in base 15?
-1
3 (base 14) to base 5
3
What is -100 (base 4) in base 3?
-121
Convert 2 (base 12) to base 7.
2
What is -411 (base 6) in base 2?
-10010111
1053 (base 6) to base 16
f9
Convert -40 (base 11) to base 15.
-2e
7 (base 10) to base 14
7
Convert -36 (base 7) to base 2.
-11011
-58 (base 12) to base 8
-104
-7b (base 12) to base 5
-340
-1 (base 8) to base 16
-1
What is -1 (base 9) in base 14?
-1
1 (base 14) to base 16
1
What is -6 (base 16) in base 14?
-6
What is 223 (base 8) in base 3?
12110
Convert -c (base 16) to base 8.
-14
-2 (base 16) to base 14
-2
-187 (base 9) to base 3
-12221
Convert -1000 (base 2) to base 5.
-13
Convert -23 (base 8) to base 2.
-10011
0 (base 10) to base 2
0
What is 1000 (base 2) in base 4?
20
Convert 110 (base 4) to base 14.
16
3 (base 9) to base 10
3
What is 335 (base 8) in base 2?
11011101
-126 (base 7) to base 5
-234
10 (base 2) to base 13
2
What is 20 (base 6) in base 4?
30
35 (base 7) to base 4
122
Convert 3 (base 6) to base 15.
3
Convert 26 (base 12) to base 14.
22
29 (base 12) to base 5
113
21 (base 15) to base 8
37
2 (base 12) to base 2
10
What is 0 (base 7) in base 3?
0
Convert 31 (base 7) to base 15.
17
Convert -83 (base 11) to base 4.
-1123
Convert 71 (base 12) to base 16.
55
-3 (base 12) to base 4
-3
12 (base 16) to base 12
16
Convert -400 (base 5) to base 15.
-6a
-2 (base 4) to base 14
-2
Convert -47 (base 12) to base 6.
-131
11 (base 8) to base 11
9
What is -11220 (base 3) in base 16?
-84
What is -240 (base 9) in base 12?
-146
0 (base 10) to base 6
0
What is 1100 (base 4) in base 15?
55
10100 (base 2) to base 10
20
What is 0 (base 7) in base 6?
0
What is 24 (base 5) in base 9?
15
Convert 2a (base 15) to base 4.
220
What is 6 (base 16) in base 14?
6
3 (base 8) to base 2
11
-213 (base 4) to base 3
-1110
135 (base 9) to base 3
11012
-38 (base 9) to base 4
-203
-254 (base 7) to base 5
-1022
Convert -42 (base 6) to base 16.
-1a
Convert 100 (base 12) to base 10.
144
Convert -42 (base 7) to base 14.
-22
What is -2 (base 8) in base 4?
-2
What is 11 (base 2) in base 15?
3
What is 36 (base 14) in base 8?
60
5 (base 13) to base 15
5
Convert -2 (base 6) to base 9.
-2
Convert -1 (base 3) to base 10.
-1
What is 15 (base 6) in base 8?
13
What is -35 (base 9) in base 7?
-44
-11 (base 2) to base 9
-3
What is 41 (base 5) in base 15?
16
What is 12 (base 6) in base 2?
1000
-3 (base 9) to base 4
-3
-220 (base 6) to base 13
-66
What is 81 (base 10) in base 2?
1010001
Convert b (base 12) to base 15.
b
Convert -136 (base 11) to base 15.
-aa
Convert -75 (base 11) to base 12.
-6a
Convert 11 (base 3) to base 5.
4
What is -104 (base 15) in base 13?
-148
What is 1 (base 11) in base 4?
1
Convert 10 (base 16) to base 4.
100
a (base 16) to base 12
a
What is -10011 (base 3) in base 6?
-221
-14 (base 7) to base 13
-b
200 (base 5) to base 12
42
What is -ba (base 13) in base 9?
-180
Convert -1110 (base 2) to base 13.
-11
3a (base 11) to base 8
53
What is -2002 (base 4) in base 2?
-10000010
-201 (base 9) to base 15
-ad
-13 (base 4) to base 9
-7
94 (base 12) to base 15
77
What is 6 (base 14) in base 8?
6
What is -31 (base 10) in base 2?
-11111
What is 22 (base 10) in base 15?
17
What is -4 (base 9) in base 14?
-4
Convert 2 (base 14) to base 2.
10
Convert -1 (base 3) to base 9.
-1
10 (base 8) to base 11
8
What is -4 (base 13) in base 15?
-4
Convert -213 (base 6) to base 12.
-69
-1 (base 14) to base 16
-1
What is 42 (base 10) in base 9?
46
What is -3 (base 9) in base 12?
-3
Convert -5 (base 14) to base 10.
-5
What is 9 (base 15) in base 7?
12
30 (base 16) to base 12
40
Convert 2 (base 7) to base 13.
2
Convert 123 (base 4) to base 11.
25
-1123 (base 5) to base 15
-ad
-2 (base 8) to base 13
-2
Convert 6 (base 14) to base 12.
6
What is 3 (base 15) in base 10?
3
-2 (base 8) to base 14
-2
Convert 111101 (base 2) to base 11.
56
24 (base 7) to base 12
16
What is 101 (base 3) in base 2?
1010
14 (base 5) to base 8
11
-8 (base 14) to base 5
-13
What is 10 (base 2) in base 10?
2
75 (base 8) to base 4
331
What is 1111100 (base 2) in base 8?
174
-3 (base 11) to base 13
-3
What is 2 (base 13) in base 4?
2
Convert -db (base 16) to base 5.
-1334
3 (base 11) to base 3
10
Convert -4 (base 16) to base 4.
-10
Convert 72 (base 15) to base 11.
98
Convert 2 (base 5) to base 12.
2
1 (base 7) to base 9
1
What is -1 (base 15) in base 13?
-1
What is 4 (base 12) in base 11?
4
Convert 40 (base 14) to base 8.
70
Convert -30 (base 14) to base 2.
-101010
What is 6a (base 15) in base 10?
100
a (base 16) to base 8
12
What is -6 (base 16) in base 2?
-110
What is 1 (base 11) in base 2?
1
Convert 21 (base 12) to base 2.
11001
-82 (base 14) to base 6
-310
-6 (base 10) to base 6
-10
7 (base 15) to base 9
7
Convert 0 (base 11) to base 13.
0
What is -211 (base 6) in base 3?
-2221
-2 (base 6) to base 4
-2
64 (base 8) to base 5
202
2 (base 3) to base 2
10
Convert 20 (base 8) to base 2.
10000
What is -152 (base 7) in base 4?
-1112
-2 (base 13) to base 4
-2
6a (base 14) to base 16
5e
What is -47 (base 15) in base 12?
-57
What is -10111 (base 2) in base 4?
-113
What is -102 (base 3) in base 9?
-12
Convert 163 (base 12) to base 15.
e9
Convert -54 (base 8) to base 13.
-35
What is 3 (base 8) in base 3?
10
What is -2 (base 14) in base 7?
-2
Convert 1030 (base 5) to base 11.
118
1 (base 13) to base 6
1
What is a (base 15) in base 11?
a
Convert 11 (base 5) to base 2.
110
What is 1 (base 11) in base 6?
1
What is 0 (base 16) in base 13?
0
Convert 173 (base 14) to base 5.
2142
Convert 2 (base 13) to base 14.
2
Convert -2 (base 5) to base 13.
-2
6 (base 9) to base 3
20
-4 (base 5) to base 6
-4
-1 (base 2) to base 6
-1
-1 (base 5) to base 10
-1
3 (base 11) to base 9
3
Convert -1 (base 6) to base 15.
-1
Convert -264 (base 8) to base 7.
-345
Convert -3 (base 16) to base 13.
-3
What is 14 (base 12) in base 9?
17
Convert 0 (base 12) to base 11.
0
Convert -47 (base 9) to base 6.
-111
What is 1210 (base 3) in base 2?
110000
Convert 0 (base 7) to base 9.
0
10 (base 10) to base 7
13
10000001 (base 2) to base 11
108
Convert c (base 15) to base 5.
22
26 (base 9) to base 15
19
0 (base 7) to base 2
0
What is 2 (base 4) in base 10?
2
What is 0 (base 2) in base 9?
0
What is 54 (base 7) in base 4?
213
6c (base 13) to base 14
66
-100 (base 2) to base 4
-10
3 (base 9) to base 10
3
1 (base 12) to base 10
1
101110 (base 2) to base 15
31
b4 (base 14) to base 16
9e
What is 1 (base 6) in base 3?
1
What is 27 (base 16) in base 4?
213
2 (base 3) to base 7
2
What is 3c (base 16) in base 15?
40
What is -2 (base 12) in base 5?
-2
-75 (base 10) to base 16
-4b
Convert -5 (base 16) to base 11.
-5
What is 316 (base 11) in base 9?
462
What is 3 (base 14) in base 3?
10
-5 (base 7) to base 8
-5
Convert 666 (base 7) to base 4.
11112
0 (base 7) to base 15
0
What is 11 (base 3) in base 5?
4
What is -5 (base 9) in base 14?
-5
What is 13 (base 10) in base 3?
111
Convert -41 (base 7) to base 6.
-45
12 (base 4) to base 9
6
What is -22 (base 4) in base 6?
-14
What is -6 (base 13) in base 8?
-6
What is 3a (base 15) in base 16?
37
Convert 52 (base 9) to base 2.
101111
What is 21 (base 4) in base 14?
9
What is -43 (base 5) in base 4?
-113
Convert 21 (base 3) to base 2.
111
-1 (base 8) to base 12
-1
312 (base 5) to base 15
57
Convert 19 (base 10) to base 2.
10011
What is -11100 (base 2) in base 9?
-31
-22 (base 10) to base 8
-26
What is -3 (base 7) in base 9?
-3
Convert -27 (base 13) to base 6.
-53
What is 0 (base 15) in base 9?
0
What is 1a (base 13) in base 14?
19
Convert -503 (base 6) to base 2.
-10110111
-2 (base 6) to base 12
-2
Convert -32 (base 5) to base 9.
-18
-1e (base 16) to base 3
-1010
What is -